ided by 19?
17
Calculate the remainder when 703 is divided by 97.
24
What is the remainder when 115 is divided by 39?
37
Calculate the remainder when 3239 is divided by 72.
71
Calculate the remainder when 558 is divided by 11.
8
Calculate the remainder when 2266 is divided by 14.
12
What is the remainder when 155 is divided by 54?
47
Calculate the remainder when 1064 is divided by 37.
28
Calculate the remainder when 1981 is divided by 660.
1
What is the remainder when 552 is divided by 93?
87
What is the remainder when 466 is divided by 156?
154
Calculate the remainder when 168 is divided by 59.
50
Calculate the remainder when 2246 is divided by 77.
13
What is the remainder when 705 is divided by 19?
2
Calculate the remainder when 80 is divided by 34.
12
What is the remainder when 2757 is divided by 8?
5
Calculate the remainder when 13074 is divided by 29.
24
Calculate the remainder when 42 is divided by 9.
6
Calculate the remainder when 82 is divided by 51.
31
What is the remainder when 201 is divided by 80?
41
Calculate the remainder when 67 is divided by 14.
11
What is the remainder when 2049 is divided by 18?
15
Calculate the remainder when 451 is divided by 77.
66
What is the remainder when 74 is divided by 36?
2
Calculate the remainder when 163 is divided by 94.
69
Calculate the remainder when 962 is divided by 240.
2
Calculate the remainder when 1126 is divided by 29.
24
Calculate the remainder when 27672 is divided by 225.
222
Calculate the remainder when 4358 is divided by 21.
11
Calculate the remainder when 2109 is divided by 16.
13
What is the remainder when 1216 is divided by 1178?
38
Calculate the remainder when 2495 is divided by 11.
9
What is the remainder when 938 is divided by 67?
0
Calculate the remainder when 425 is divided by 133.
26
Calculate the remainder when 506 is divided by 7.
2
Calculate the remainder when 2084 is divided by 692.
8
What is the remainder when 96 is divided by 20?
16
What is the remainder when 5195 is divided by 193?
177
Calculate the remainder when 652 is divided by 84.
64
Calculate the remainder when 33 is divided by 13.
7
Calculate the remainder when 3041 is divided by 13.
12
What is the remainder when 1279 is divided by 11?
3
Calculate the remainder when 318 is divided by 20.
18
Calculate the remainder when 29 is divided by 29.
0
What is the remainder when 1273 is divided by 1228?
45
What is the remainder when 4376 is divided by 53?
30
Calculate the remainder when 26 is divided by 12.
2
What is the remainder when 255 is divided by 94?
67
What is the remainder when 46 is divided by 13?
7
What is the remainder when 408 is divided by 128?
24
What is the remainder when 435 is divided by 111?
102
What is the remainder when 123 is divided by 18?
15
Calculate the remainder when 82 is divided by 15.
7
Calculate the remainder when 161 is divided by 5.
1
What is the remainder when 21 is divided by 3?
0
What is the remainder when 2443 is divided by 54?
13
What is the remainder when 40759 is divided by 10?
9
Calculate the remainder when 683 is divided by 76.
75
What is the remainder when 196 is divided by 96?
4
What is the remainder when 35774 is divided by 52?
50
What is the remainder when 2012 is divided by 96?
92
What is the remainder when 657 is divided by 15?
12
Calculate the remainder when 96 is divided by 48.
0
Calculate the remainder when 2894 is divided by 16.
14
Calculate the remainder when 28369 is divided by 193.
191
Calculate the remainder when 182 is divided by 32.
22
Calculate the remainder when 916 is divided by 117.
97
What is the remainder when 134 is divided by 28?
22
What is the remainder when 683 is divided by 42?
11
What is the remainder when 1184 is divided by 394?
2
What is the remainder when 155 is divided by 76?
3
Calculate the remainder when 1245 is divided by 146.
77
What is the remainder when 117 is divided by 17?
15
Calculate the remainder when 1236 is divided by 406.
18
What is the remainder when 1492 is divided by 251?
237
What is the remainder when 3327 is divided by 26?
25
Calculate the remainder when 1178 is divided by 388.
14
What is the remainder when 230 is divided by 28?
6
Calculate the remainder when 1205 is divided by 376.
77
Calculate the remainder when 5770 is divided by 77.
72
What is the remainder when 4147 is divided by 122?
121
What is the remainder when 1270 is divided by 1265?
5
Calculate the remainder when 16759 is divided by 29.
26
What is the remainder when 313 is divided by 277?
36
What is the remainder when 167 is divided by 39?
11
Calculate the remainder when 424 is divided by 215.
209
What is the remainder when 12817 is divided by 28?
21
What is the remainder when 1137 is divided by 95?
92
What is the remainder when 216 is divided by 125?
91
What is the remainder when 383 is divided by 15?
8
Calculate the remainder when 233 is divided by 118.
115
What is the remainder when 903 is divided by 19?
10
What is the remainder when 539 is divided by 178?
5
What is the remainder when 77 is divided by 6?
5
Calculate the remainder when 1702 is divided by 70.
22
Calculate the remainder when 459 is divided by 58.
53
Calculate the remainder when 49 is divided by 18.
13
What is the remainder when 414 is divided by 140?
134
What is the remainder when 61 is divided by 13?
9
Calculate the remainder when 125 is divided by 43.
39
Calculate the remainder when 726 is divided by 159.
90
Calculate the remainder when 233 is divided by 48.
41
What is the remainder when 1935 is divided by 121?
120
What is the remainder when 121 is divided by 18?
13
What is the remainder when 381 is divided by 30?
21
What is the remainder when 1971 is divided by 116?
115
Calculate the remainder when 117 is divided by 24.
21
Calculate the remainder when 1649 is divided by 11.
10
Calculate the remainder when 851 is divided by 240.
131
Calculate the remainder when 3993 is divided by 25.
18
What is the remainder when 323 is divided by 108?
107
Calculate the remainder when 9794 is divided by 14.
8
What is the remainder when 269 is divided by 34?
31
Calculate the remainder when 922 is divided by 69.
25
Calculate the remainder when 58 is divided by 20.
18
Calculate the remainder when 2443 is divided by 13.
12
What is the remainder when 38 is divided by 23?
15
What is the remainder when 1313 is divided by 111?
92
Calculate the remainder when 253 is divided by 65.
58
What is the remainder when 99 is divided by 39?
21
What is the remainder when 18429 is divided by 64?
61
Calculate the remainder when 1000 is divided by 202.
192
What is the remainder when 27 is divided by 6?
3
Calculate the remainder when 371 is divided by 18.
11
What is the remainder when 631 is divided by 152?
23
What is the remainder when 164 is divided by 30?
14
Calculate the remainder when 327 is divided by 41.
40
What is the remainder when 664 is divided by 18?
16
Calculate the remainder when 508 is divided by 85.
83
Calculate the remainder when 60 is divided by 25.
10
Calculate the remainder when 284 is divided by 32.
28
What is the remainder when 1293 is divided by 42?
33
What is the remainder when 1780 is divided by 94?
88
What is the remainder when 773 is divided by 373?
27
Calculate the remainder when 381 is divided by 32.
29
Calculate the remainder when 197 is divided by 20.
17
Calculate the remainder when 1569 is divided by 260.
9
Calculate the remainder when 364 is divided by 137.
90
What is the remainder when 313 is divided by 44?
5
What is the remainder when 135 is divided by 129?
6
Calculate the remainder when 30 is divided by 9.
3
Calculate the remainder when 86 is divided by 34.
18
What is the remainder when 4978 is divided by 83?
81
What is the remainder when 222 is divided by 106?
10
What is the remainder when 243 is divided by 41?
38
Calculate the remainder when 179 is divided by 4.
3
Calculate the remainder when 2130 is divided by 27.
24
What is the remainder when 269 is divided by 17?
14
What is the remainder when 965 is divided by 51?
47
Calculate the remainder when 1587 is divided by 493.
108
Calculate the remainder when 61 is divided by 18.
7
What is the remainder when 123 is divided by 32?
27
Calculate the remainder when 239 is divided by 51.
35
Calculate the remainder when 236 is divided by 48.
44
Calculate the